f 648 and 1644.
12
Calculate the greatest common factor of 3819 and 2479.
67
What is the greatest common divisor of 95511 and 651?
93
Calculate the greatest common factor of 52 and 3472.
4
Calculate the highest common factor of 1377 and 2187.
81
Calculate the highest common factor of 4562852 and 12460.
2492
Calculate the greatest common divisor of 2151405 and 45.
45
Calculate the highest common divisor of 24108 and 19065.
123
Calculate the highest common factor of 238 and 4114.
34
Calculate the greatest common factor of 3388 and 22484.
308
Calculate the highest common factor of 357198 and 222.
222
Calculate the highest common factor of 6880 and 103520.
160
What is the highest common factor of 49408 and 2?
2
Calculate the greatest common divisor of 3744806 and 26.
26
What is the greatest common factor of 1515447 and 184?
23
Calculate the highest common divisor of 2244 and 705804.
132
What is the highest common factor of 184668 and 528?
132
What is the greatest common factor of 416 and 1028768?
416
What is the greatest common factor of 11983 and 8857?
521
What is the greatest common divisor of 775 and 713?
31
Calculate the greatest common divisor of 572 and 122.
2
Calculate the greatest common divisor of 1105 and 76687.
221
What is the greatest common divisor of 707640 and 48?
24
What is the highest common divisor of 14365 and 25007?
17
What is the highest common divisor of 24056 and 6?
2
What is the greatest common factor of 11826 and 4672?
146
What is the greatest common divisor of 18885 and 2535?
15
Calculate the highest common divisor of 6548 and 56.
4
Calculate the greatest common factor of 3275 and 3013.
131
What is the highest common divisor of 132927 and 354?
177
What is the highest common factor of 513920 and 704?
704
Calculate the highest common factor of 87 and 649426.
29
Calculate the greatest common divisor of 128 and 842176.
64
Calculate the highest common divisor of 43645 and 290.
145
What is the highest common factor of 2 and 58648?
2
Calculate the greatest common factor of 191486 and 134.
134
Calculate the greatest common divisor of 9802 and 64.
2
Calculate the greatest common factor of 319 and 32087.
11
What is the greatest common divisor of 17874 and 81?
27
What is the highest common divisor of 124 and 17143?
31
Calculate the highest common divisor of 432 and 1968.
48
Calculate the highest common divisor of 68160 and 1920.
960
What is the highest common factor of 1077 and 1208035?
359
What is the greatest common divisor of 1320 and 90255?
165
What is the highest common factor of 9984 and 19344?
624
Calculate the highest common factor of 1440 and 13600.
160
Calculate the highest common factor of 4 and 302.
2
What is the greatest common divisor of 1164045 and 3195?
1065
Calculate the greatest common factor of 129 and 25539.
3
What is the greatest common factor of 571688 and 69?
23
Calculate the greatest common factor of 68 and 46121.
17
What is the highest common factor of 155 and 2152113?
31
Calculate the greatest common factor of 366146 and 89.
89
Calculate the greatest common divisor of 2658 and 1830.
6
What is the greatest common divisor of 32035 and 32680?
215
Calculate the highest common divisor of 617061 and 213.
213
What is the greatest common factor of 1140 and 1748?
76
What is the highest common divisor of 976 and 58352?
16
Calculate the highest common divisor of 336 and 6804.
84
What is the highest common divisor of 1240 and 580?
20
What is the greatest common factor of 210 and 1094880?
30
Calculate the greatest common factor of 5508 and 4276044.
1836
What is the highest common divisor of 348 and 6438?
174
What is the highest common divisor of 50373 and 67077?
261
What is the greatest common divisor of 1767 and 899?
31
Calculate the greatest common factor of 30 and 253140.
30
Calculate the highest common divisor of 61309 and 111.
37
Calculate the highest common divisor of 3906 and 37386.
558
What is the greatest common divisor of 55016 and 130?
26
Calculate the highest common divisor of 3886 and 111360.
58
What is the greatest common factor of 6863519 and 52?
13
What is the highest common factor of 500 and 3377375?
125
What is the greatest common factor of 3152007 and 6?
3
Calculate the greatest common divisor of 569958 and 66.
6
What is the greatest common divisor of 40657 and 763?
109
What is the greatest common divisor of 375 and 8725?
25
Calculate the greatest common factor of 72 and 72752.
8
Calculate the highest common factor of 83380 and 1540.
220
What is the highest common divisor of 36 and 206289?
9
What is the greatest common divisor of 4 and 8871?
1
What is the greatest common factor of 3128 and 19688?
184
Calculate the greatest common factor of 4140 and 540.
180
Calculate the greatest common factor of 440 and 205480.
440
What is the highest common divisor of 156 and 44252?
52
What is the greatest common factor of 95 and 42579?
19
Calculate the highest common divisor of 2890 and 49997.
289
Calculate the highest common divisor of 5238 and 6228.
18
What is the highest common divisor of 7 and 282457?
7
Calculate the greatest common divisor of 1015 and 1044.
29
Calculate the greatest common divisor of 4433 and 29419.
403
Calculate the highest common divisor of 942 and 79756.
314
What is the highest common divisor of 243972 and 10692?
972
Calculate the greatest common factor of 1248 and 2226016.
416
What is the highest common divisor of 559880 and 40?
40
Calculate the highest common factor of 281806 and 98.
14
What is the greatest common divisor of 303616 and 1024?
512
What is the greatest common factor of 530 and 22366?
106
What is the highest common divisor of 1197 and 4329?
9
Calculate the greatest common divisor of 153 and 674577.
153
What is the greatest common factor of 363380 and 110?
10
Calculate the highest common divisor of 25 and 1885775.
25
Calculate the highest common divisor of 94 and 157779.
47
Calculate the highest common divisor of 15 and 262299.
3
What is the greatest common divisor of 25164 and 1539?
27
What is the greatest common divisor of 798 and 13187748?
798
What is the highest common factor of 591 and 692061?
591
Calculate the highest common divisor of 6006869 and 11.
11
What is the highest common factor of 5792 and 1504?
32
Calculate the highest common factor of 1736 and 1792.
56
What is the greatest common factor of 9 and 297225?
9
What is the greatest common divisor of 62775 and 810?
405
Calculate the greatest common factor of 21436 and 8621.
233
Calculate the greatest common factor of 46962 and 54.
18
What is the highest common factor of 1308 and 35643?
327
What is the greatest common factor of 11377 and 14694?
31
Calculate the highest common divisor of 53240 and 760.
40
What is the highest common factor of 16 and 51112?
8
What is the greatest common factor of 33446 and 42?
14
Calculate the highest common factor of 1370710 and 34.
34
Calculate the greatest common factor of 75 and 89175.
75
Calculate the highest common factor of 444 and 8631804.
444
Calculate the highest common factor of 1064 and 18872.
56
Calculate the greatest common divisor of 39697 and 2247.
749
Calculate the highest common factor of 15864 and 72.
24
What is the highest common factor of 374 and 109769?
187
What is the highest common divisor of 1727 and 37209?
157
Calculate the highest common divisor of 2042101 and 76.
19
What is the greatest common factor of 16011 and 29057?
593
What is the greatest common divisor of 153 and 2022?
3
Calculate the greatest common factor of 46 and 30853350.
46
What is the greatest common factor of 220549 and 686?
343
Calculate the greatest common divisor of 86940 and 40.
20
What is the greatest common factor of 31232 and 80?
16
What is the greatest common factor of 574170 and 120?
30
What is the highest common divisor of 256460 and 80?
20
Calculate the highest common divisor of 260 and 12532.
52
Calculate the highest common divisor of 122018 and 6498.
722
What is the greatest common divisor of 324 and 488?
4
What is the greatest common factor of 180870 and 90?
30
What is the greatest common divisor of 2575 and 15100?
25
Calculate the highest common divisor of 4326 and 5250.
42
Calculate the highest common factor of 162 and 1289.
1
What is the highest common divisor of 1006174 a